 -1. Let u(n) = z*m(n) + 3*c(n). Determine u(-1).
-8
Let v(c) = c**2 - 6*c - 4. Let g(n) = 1. Let z(m) = 3*g(m) - v(m). Suppose -t = s - 7 - 17, 2*t - 100 = -4*s. Let x = 33 - s. What is z(x)?
0
Let b(p) = -7*p**2 - p**3 - 8*p**2 + p**2 - 13*p + 13. Let o be 6/9*(11 - 244/8). Determine b(o).
13
Let k be (-18)/4*8/(-6). Let l(p) be the first derivative of -p**5/60 + p**4/4 + p**3/3 - 140*p + 15. Let z(v) be the third derivative of l(v). Give z(k).
-6
Let s(m) be the first derivative of -m**3/3 + 7*m**2/2 + 11*m - 148. Let k be ((-4)/((-8)/2))/((-1)/(-8)). What is s(k)?
3
Suppose -1044 - 268 = 131*s + 391. Let r(y) = 28*y + 375. Give r(s).
11
Let j(i) = 7 - 31 + 4*i**3 + i**2 + 21 - i**2 + 3*i. Calculate j(-2).
-41
Let o(r) = -33*r**2 + 66*r + 2. Let l(m) = 19*m**2 - 37*m + 1. Let i(x) = 7*l(x) + 4*o(x). Determine i(-2).
9
Let l(c) = -8*c**3 + 5*c**2 + 2*c - 4. Let h be l(-1). Let d(a) = -3*a**2 + 14*a - 6. Give d(h).
-55
Suppose 3*t = -0 + 3. Let v(m) = m**2 - 33*m - 68. Let b be v(35). Suppose b = g - 5*a - t, 0 = 2*g - 5*a + 4. Let x(k) = -k. What is x(g)?
7
Let n(z) be the third derivative of -18*z**2 + 3/40*z**5 + 0*z + 5/3*z**3 - 3/8*z**4 - 1/360*z**6 + 0. Let f(i) be the first derivative of n(i). Determine f(8).
-1
Let o be ((-1189)/58 + 18)/(2/(16/(-10))). Let y(v) = 5*v**3 - 2*v**2 - 2*v + 1. Determine y(o).
29
Let s(k) be the third derivative of k**5/60 + k**4/3 - 107*k**3/6 + 466*k**2 - 2. What is s(8)?
21
Let l(k) be the second derivative of 1/3*k**3 + 1/2*k**2 + 16 + 3*k. Give l(-8).
-15
Let x(r) = -37*r + 17*r - 401 + 18*r + 396. Determine x(-14).
23
Let a(g) be the third derivative of -7*g**5/4 - g**4/12 + g**3/6 + 1460*g**2. Determine a(-1).
-102
Let n(f) = 6*f - 31. Suppose 29*i + 3*r = 32*i - 54, 0 = -5*i - 4*r + 36. Calculate n(i).
41
Let l(u) = 2*u**3 + 2*u**2 + 4*u + 6. Suppose -2*o - 21 = 5*c, 5*c - 2*o = 88 - 97. What is l(c)?
-42
Let b(o) be the second derivative of -o**3/6 - 5*o**2/2 + 4*o. Let g be (-15 - 170/(-30)) + (-8)/(-6). Let z(s) = -s**2 + 4*s + 91. Let r be z(g). Give b(r).
0
Let c(f) be the third derivative of f**6/120 - 7*f**5/60 + 3*f**4/8 - 7*f**3/6 + 8*f**2 - 10. Suppose -3 = -3*a - 6*x + 3*x, 0 = -2*a - x + 7. What is c(a)?
11
Let h(o) be the first derivative of o**3/3 - 7*o**2/2 - 3*o + 865. Calculate h(9).
15
Suppose 8*g - 4*b - 39 = 9*g, 81 = -4*g - b. Let i(a) = a**3 + 19*a**2 + 4*a + 82. Give i(g).
6
Let p = -58 - -65. Suppose 0 = -5*g + 4*s + p, 3*g - s = 6*g + 6. Let z(j) = 9*j**3 - 2*j - 1. Give z(g).
-8
Let t(c) = -26*c**2 + 4*c - 3. Suppose 69*k + 12*k = 4 + 77. Determine t(k).
-25
Let v(g) = -18*g. Let w(u) = -u**3 + 13*u**2 + 14*u + 2. Let f be w(14). Let t be (5/2)/(-5)*-2*f. Calculate v(t).
-36
Let w(u) = -993*u**2 - u**3 + 112*u + 1006*u**2 - 80*u - 32. What is w(15)?
-2
Let d(c) be the third derivative of -7*c**4/12 - 121*c**3/6 + 765*c**2. Determine d(-8).
-9
Let d(u) = u**3 - 4*u**2 + 11*u - 31. Suppose -2*q - 2*t - 8 = 0, -5*t + 15 - 53 = -q. Determine d(q).
-7
Let d(z) = z**3 - z**2 - 3*z - 2. Suppose c - 2 = -560*w + 558*w, -w = -c - 7. Determine d(w).
7
Suppose 542*y + 6 = 548*y. Suppose 2*b + 31 = -5*t, -33 = 5*t + 3*b + y. Let l(m) = 5 - 5*m**2 - 1 + 2*m - 2*m**3 + m**3. Give l(t).
-6
Let l(h) = 3*h**2 + 15. Let a be l(-7). Let j = a - 157. Let q(i) = -i + 2*i + 9 - 14. Determine q(j).
0
Let y be 222/55 + (-638)/17545. Let x(d) = 2*d**3 - 2*d**2 - 8*d + 17. Give x(y).
81
Let w = -18 - -25. Let d(j) be the second derivative of -j**5/20 + j**4/2 + j**3 + 5*j**2/2 + 186*j. Determine d(w).
-2
Let s(n) = 7*n - 4. Let i = -150 + 163. Let x(t) = 2*t**2 - 23*t - 35. Let c be x(i). Calculate s(c).
24
Let n(c) = 5*c**3 - 2*c**2 - 2*c + 3. Let x be n(1). Let a(f) be the second derivative of -1/2*f**2 + 1/12*f**4 + 0 - 1/2*f**3 - 49*f. What is a(x)?
3
Let m(h) be the first derivative of 3/2*h**2 + 0*h + 76. Suppose -2*i + 12 = -5*i, 0 = z + 5*i + 15. What is m(z)?
15
Let j = -1 + -4. Let v(z) be the first derivative of z**4/4 + 4*z**3/3 - 7*z**2/2 - z + 105227. Give v(j).
9
Let y(r) = -r - 11. Let u = 418 + -388. Let w be (-2 + 3)*u/(-3). Give y(w).
-1
Suppose j = u + 261, 2*u + j - 364 = -883. Let a = u + 256. Let s(i) be the second derivative of -i**4/4 - 5*i**3/6 - i**2 + 2*i. Determine s(a).
-30
Let s(z) = z**3 - 3*z**2 + 4. Let m be 759/115 - (1 - -2) - (-6)/(-10). Calculate s(m).
4
Suppose -3 = -3*a, 8*a + 36 = 2*l + 6*a. Let t(o) be the second derivative of 3*o**2 + l*o + 0 - 1/12*o**4 + 5/6*o**3. Give t(5).
6
Let b(i) = -123*i - 53. Let h(t) = -141*t - 50. Let u(j) = 7*b(j) - 6*h(j). What is u(-12)?
109
Let i be (-26)/91 - (-66)/(-14) - (-2 + -2). Let s(r) = -19*r - 7. What is s(i)?
12
Suppose -19 - 77 - 40 = 17*z. Let n(k) = 2*k**2 + 12*k + 26. Determine n(z).
58
Let p(q) = 1 + 110*q**2 + 7 - 111*q**2 + 10*q. Let g = 51 - 44. Determine p(g).
29
Let a be (1/(-4))/(52/(-832))*-2. Suppose 3*f - 71 = -5*g, -3*g + 4*f = -16 - 15. Let u(p) = 10 - 3*p + 2 + 0 + g*p + p**2. Calculate u(a).
-4
Let h(s) = -s + 39. Suppose 0 = 37329*d - 37308*d - 1071. Calculate h(d).
-12
Let a(q) = 2*q + 1. Suppose -9*c + 12*c = 4*i - 26, i = -4*c - 3. Let d be (-4 - -8)/(c/13*-1). Let v be ((-3)/(-12))/(-1) + d/8. Give a(v).
7
Suppose -90*x - 229 = 41. Let n(w) = -17*w**2 - 50*w - 4. Give n(x).
-7
Let v(g) = -3*g**2 - 161*g + 19. Let h be v(-54). Let o(l) = -l**2 - 31*l + 138. Calculate o(h).
-2
Let x be 3 + 154/(-49) - 337/(-7). Suppose 13*a - x = a. Let i(y) = y - 5. Calculate i(a).
-1
Suppose 0 = 75*a - 850 - 425. Let x(o) = -o**2 + 20*o - 41. Calculate x(a).
10
Let f(s) = s**2 - s**3 + 13*s**2 - 3 + 0*s**3 - 13*s. Suppose -52 = -z - 7*z + 4*z. Determine f(z).
-3
Suppose 0 = -5*b - 0*b. Let i(o) be the first derivative of -o**4/4 + 5*o + 1865. Calculate i(b).
5
Let c(b) = b - 9. Let t(o) = 2*o + 1. Let m(p) = -8*p - 22. Let s(v) = -m(v) - 5*t(v). Let i be s(7). What is c(i)?
-6
Let g(i) = 22*i + 24. Let h = 9625 + -9626. Determine g(h).
2
Let b(j) = -50*j + 39. Let z(n) = -297*n + 229. Let f(d) = -35*b(d) + 6*z(d). Give f(3).
-87
Suppose -47*t + 330 = -25*t. Let n(a) = 8*a**2 + 3*a**2 - 14*a**3 + t*a**3 - 15*a + 3. Give n(-12).
39
Let g(d) be the first derivative of -d**3/3 - 16*d**2 - 117*d - 545. What is g(-28)?
-5
Let s(r) = 11*r + 12. Let h = -6289 - -6294. Determine s(h).
67
Let j(s) = s**3 - 5*s**2 - 3*s - 14. Suppose -5*o + 50 = -5*c, 0 = -2*o - 23*c + 22*c + 8. Calculate j(o).
4
Let u(c) be the third derivative of -c**5/30 - 13*c**4/12 - 13*c**3/6 - 375*c**2. Determine u(-12).
11
Suppose -3*o + 4*d - 1 = -3, 7 = 5*o - 3*d. Suppose h - 11 = -3*h - 3*c, 6 = -o*c. Let y(k) = -5 - k**2 + k + 5*k + k. Calculate y(h).
5
Let v(z) be the first derivative of 3/2*z**2 - 5/3*z**3 + z + 213. Give v(-3).
-53
Let l(a) = 16*a**2 - 15*a**2 + 5*a - 6*a. Let x(m) be the second derivative of m**4/12 + m**3/2 - 13*m**2/2 + 16*m. Let w be x(-5). Calculate l(w).
12
Let a(w) be the second derivative of w**8/6720 + w**7/504 + w**6/240 - w**5/40 - 4*w**4/3 - 32*w. Let f(h) be the third derivative of a(h). Determine f(-4).
1
Let f(l) = l**3 + 24*l**2 + 25*l + 46. Let g(p) = 2*p**3 - 3*p**2 + 69*p + 143. Let y be g(-2). Calculate f(y).
0
Let w(j) = -2*j + 80. Let v = 28493 + -28452. Determine w(v).
-2
Let r(w) = 60*w + 3. Let a(f) = -f**2 - 164*f - 641. Let k be a(-4). What is r(k)?
-57
Let b(v) be the third derivative of v**6/120 + v**5/12 - v**4/4 - 7*v**3/6 - 16*v**2 + v + 6. Determine b(-7).
-63
Let k(g) = -28*g**2 - 2*g - 1. Let r be 6/6 + 4 + 2. Suppose -6*c - 3*w + 1 = -r*c, -5*w = c + 1. What is k(c)?
-27
Let b(m) be the second derivative of m**3/3 + 37*m**2/2 + 148*m - 18. Give b(0).
37
Let v(z) = -z**2 - 4*z + 8. Let n(k) = 9*k - k + 13*k - 153. Let w be n(7). Determine v(w).
-4
Let y(j) be the first derivative of 2*j**3/3 + 7*j**2/2 - 6*j + 487. Determine y(-4).
-2
Let i(u) = -4*u**3 - u**2 + u - 1. Let b(h) = 6*h - 5. Let s be b(2). Suppose 2*c = s*p - 10*p + 3, -p - 16 = -5*c. Suppose -6*q + c*q + 3 = 0. Determine i(q).
-5
Let v(t) = -20*t - 7. Let n be 4 + (4 - 9) - 4. What is v(n)?
93
Let v(t) = -t**2 + 5*t + 2. Let y(l) = 7*l**2 - 31*l - 12. Let o(s) = -6*v(s) - y(s). Let q = -2 - 22. Let c be q/(-9) + 4/12. Calculate o(c).
-6
Let n(p) = 4*p - 2. Suppose 11*d - 20*d + 252 = 0. Suppose 11*l + d = 6. Let s 